r?
True
Let v = 153 - 153. Suppose -8*r + 11383 + 45169 = v. Is r a composite number?
False
Let k = 76 + -76. Is 195 - -7 - k/4 a prime number?
False
Let i(z) = 11*z**2 - 44*z + 235. Is i(38) prime?
True
Suppose -2*b + 0 = -6. Suppose 2*p + 20 = -4*n, 4 = -0*p - p. Is 1*n/(b/(-179)) a composite number?
False
Let m(z) = -z**3 - z**2 + 4. Let l be m(0). Suppose -b - 8 = -5*x, -l*b - 60 = -b + 3*x. Is 6/(-27) - 1498/b composite?
False
Suppose 0 = -2*a - 5*c + 25118, -5*a + 11*c - 8*c = -62857. Is a a composite number?
False
Let l(u) = 105*u + 34. Let q be l(18). Suppose -2*f = 2*f - q. Is f prime?
False
Suppose s = 4*a - 14318, 3*a + 3*s - 10615 = 116. Let i = a + -532. Is i prime?
False
Let i be 1/2 + (-48)/(-32). Suppose -i*q - 2*q = 0. Suppose 4*s - s - 6645 = q. Is s composite?
True
Suppose 16 = 2*v + 5*x + 47, -4*x + 61 = -5*v. Let t = 22 + v. Is (-1598)/(-18) + 2/t a prime number?
True
Suppose j - 55 = 71. Let a = 223 - j. Is a composite?
False
Suppose m - c + 5*c = 2175, -m + 2170 = -c. Is m a composite number?
True
Let j(m) = 1943*m**3 - 2*m**2 + 2. Let k be j(1). Is (k/(-116))/(6/8 - 1) composite?
False
Let q(c) = c**2 - 9*c + 19. Let b = -10 - -14. Let v be b*(2 - 3)*2. Is q(v) prime?
False
Let c(a) be the second derivative of 51*a**4/4 + a**3/3 + 5*a**2 - 30*a. Is c(3) a prime number?
False
Let l = -12118 + 23637. Is l prime?
True
Suppose 3*r = 5*o - 35, 3*o + 0*r - 17 = r. Suppose -o*c - 180 = -8*c. Suppose c = l - 4*w, -5*l - 3*w + 24 = -4*l. Is l a composite number?
True
Suppose 3*b - 6*y - 114831 = -9*y, 0 = b + 4*y - 38289. Is b a prime number?
True
Is 0 - 3 - (5 + -5) - -994 composite?
False
Let q be ((-16)/12)/((-3)/9). Suppose 0 = -3*m + 5*d - 9, q*m + 5*d = 2*d + 17. Is m*81 - (-4 + 3) a prime number?
True
Let t(j) = -85*j + 208. Is t(-27) composite?
False
Is 0 + 3/(-2) + 40943/14 composite?
True
Let b = 14 - -6. Suppose -4*n - b = 52. Let f = 51 - n. Is f composite?
True
Let h(t) be the third derivative of -t**5/60 + t**4/24 + 5*t**2. Let y(o) = o**3 + 5*o**2 - 6*o - 5. Let z(m) = 5*h(m) + y(m). Is z(4) a prime number?
False
Suppose -32 = -4*l - 0*l. Is 122/l*(23 + -3) prime?
False
Let u be (-7 - -191) + (1 - 1). Suppose -7*x - u = -6*x. Is x/(-14) + 5/(-35) prime?
True
Let m = -13400 - -21661. Is m a prime number?
False
Suppose 0 = -5*g + l + 3734, 5*g + 762 = 6*g - 4*l. Is g a prime number?
False
Let u(t) = 2*t**2 + 2*t - 2. Let b be u(1). Suppose -h - 231 = j - 795, 3*j - 1694 = -b*h. Let c = j + -329. Is c a prime number?
False
Suppose -11 = -4*u - c, -3*c + 3 + 6 = 0. Is (-1792)/(-7) + u/2 a prime number?
True
Let f(m) = -m**3 + 41*m**2 + 24*m - 61. Is f(32) a prime number?
True
Let q(a) be the third derivative of -23*a**7/5040 - a**6/360 + 7*a**5/60 - 7*a**2. Let l(p) be the third derivative of q(p). Is l(-3) prime?
True
Let i be (-2)/(-4) - 352452/8. Is (-3 + 65/20)*i/(-2) a composite number?
False
Let t = -68 - -35. Let l be ((-10)/6)/(11/t). Suppose -5*r - 3*h + 2584 = -5337, -l*h = -10. Is r a composite number?
False
Suppose 3386*j + 224535 = 3401*j. Is j a prime number?
True
Let o(v) = v**2 - 15*v - 12. Let s be o(16). Suppose -s*u = -627 - 133. Suppose -3*w + 2*b + 149 = 0, 3*w + 6 = -5*b + u. Is w prime?
True
Let g = -11 - -14. Let w(u) = 140*u**2 + 3. Let t be w(g). Let b = t + -374. Is b a prime number?
False
Suppose 4*w - 5*v = 6665, 0 = -5*w + 5*v + 5987 + 2343. Suppose 0 = -12*x + 23277 - w. Is x prime?
True
Let d(y) = 4*y + 7*y - 7*y - 1 - y**3 + 2*y**2 + 4*y**2. Let h be d(8). Let j = 194 + h. Is j composite?
False
Suppose -q = -4*b - 987, 2*q - 6*b - 1984 = -3*b. Is q composite?
True
Let z(n) = n**2 - 8*n + 2. Let i be z(8). Suppose -3*l + 2*t + 3*t = 6, -i*t = 5*l - 21. Is l composite?
False
Is (-27)/(-9)*(-541)/(-6)*38 a composite number?
True
Suppose -13*l + 8*l = -2*n - 12303, -l = -5*n - 2479. Is l prime?
True
Suppose -3*t = d - 1296, -5*t = d + 3*d - 5198. Suppose 2*l - d = -4*l. Is l composite?
True
Suppose -2*p - z + 10707 = 0, -p + 7*z - 6*z + 5352 = 0. Is p a prime number?
False
Suppose -5*x + 37 = 2. Let q be (-1)/((-3 + x)/(-8)). Suppose -3*c = q - 11. Is c composite?
False
Suppose -4*b + 8*b + 8 = -4*l, -l - 2*b = 6. Suppose 3185 = 5*d + 2*y, -l*d + 3*y = -4*d + 1285. Is d a composite number?
True
Let c = -11 - -13. Suppose -x + 165 = -4*t, -2 - 2 = c*t. Is x composite?
False
Let s(z) = -z**3 - 20*z**2 + 16. Let n(u) = 4*u**3 + 61*u**2 - u - 48. Let y(a) = -2*n(a) - 7*s(a). Is y(17) a prime number?
True
Let n = 71 + 7. Let i = 527 - n. Is i a prime number?
True
Let a(q) = q**2 + 15*q + 5. Let o be a(-5). Is 4/10 - 3537/o a prime number?
True
Is 29002 + -6 + 13*(-4)/(-4) a prime number?
True
Let r = -214 - -2145. Is r composite?
False
Suppose -v - 212 = 4*j - 0*j, -224 = 4*j + 4*v. Let t = j - -101. Is t composite?
True
Suppose 3*k - 16640 = 5209. Is k prime?
True
Let o(z) = -z**2 + 10*z + 6. Let y = 29 - 19. Let l be o(y). Let w(n) = 4*n**2 + 9*n - 7. Is w(l) prime?
True
Suppose 3*n - 140 = -2*n. Suppose -4*o = -8*o + n. Suppose -41 = -h - o. Is h a composite number?
True
Let i = 34 - 32. Suppose 0 = 3*n - i*s - 1347, 3*n + 3*s - 898 = n. Is n a composite number?
False
Let b = -15 - -30. Let v = 15 - b. Suppose -377 = 2*o - 3*o + 2*i, v = -o + 5*i + 371. Is o composite?
True
Suppose -8*q - 1 = -9*q. Suppose 0 = n + q, -5*w = -5*n - 3060. Is w a composite number?
True
Let b = 21 - 18. Suppose -b*p + 7*p = 3248. Let k = p + -519. Is k a composite number?
False
Suppose -2*v + 2 - 12 = 0. Let z(s) = -s**3 - 6*s**2 - 5*s - 1. Let o be z(v). Is (-4 - o/1) + 74 a composite number?
False
Suppose -2*g - 3*q + 488 + 1965 = 0, -2*q = -g + 1209. Is g composite?
True
Is (30/(-45) + (-2)/(-12))*-4106 a composite number?
False
Suppose 8*d - 7399 - 1657 = 0. Is (-4)/(-2) + (1 - d)*-1 composite?
True
Let j = -34619 - -58360. Is j prime?
True
Suppose 5*i - 2*q = -19191 + 101555, 0 = 3*i + 4*q - 49434. Is i composite?
True
Let f = 28149 + -20092. Is f composite?
True
Let t = -5140 + 9579. Is t a prime number?
False
Let n(h) = 2*h**2 + 40*h + 1. Let y be n(-18). Let v = y + 220. Is v a composite number?
False
Let p(q) = q**3 + 15*q**2 - 10*q + 15. Let u be p(-12). Suppose u + 821 = 4*z. Is z a prime number?
True
Let s = -9432 + 13493. Let u = s + -216. Is u composite?
True
Suppose 4*u = r + 1113, 0 = -2*u + 3*r + 214 + 335. Let c = -32 + u. Is c a prime number?
False
Is -2*(14355/(-6) + 1) prime?
True
Suppose -15*w + 3*i + 22199 = -10*w, 2*w - 4*i - 8874 = 0. Is w a composite number?
False
Let z be (3/2)/(18/240). Let g be -4*(-5)/(z/3). Suppose 4*b + 4*m = 1696, -g*b + 4*m + 711 + 526 = 0. Is b prime?
True
Let o = -25 - -17. Let m(q) = -q**3 - 9*q**2 - 8*q + 2. Let j be m(o). Suppose -2*c - 2*f = -382, 0 = -4*c - f + j*f + 764. Is c composite?
False
Let p = -44 + 112. Let r be p/5 + (-6)/(-15). Let x = 345 - r. Is x prime?
True
Let i be -54*(2 + 0 + -14). Suppose 0 = 4*y + 5*j - 869, -y - 2*y - 3*j + i = 0. Is y a composite number?
False
Let o = -21 - -20. Is ((-25)/(-15))/((-1)/(o + -446)) prime?
False
Suppose 3*h + 4 = 5*h. Suppose -3*j = -5*f - 2397, h*j - 4*f - 1598 = -0*j. Is j a prime number?
False
Let t(d) be the first derivative of d**3/3 + 2*d**2 + d - 1. Let l be t(-3). Is (-452)/(-8)*l/(-1) composite?
False
Suppose -16 = 3*t - 19. Is (-1 - t - -3)*127 composite?
False
Let l = 1136 + -541. Let x = l - 182. Is x prime?
False
Suppose 12*n - 88859 = -5*n. Is n prime?
True
Let f be (6/(-2 + 3))/2. Suppose 5 = -5*o, -n - 7 = -f*o - 2*o. Let w(c) = -c**2 - 22*c - 14. Is w(n) a composite number?
True
Let d(v) = -68*v + 21. Suppose -3*n = -80 + 14. Let u = n - 31. Is d(u) a composite number?
True
Let v(a) = a**3 + a + 11. Let d be v(0). Let y(r) = 2*r**2 + 2*r - 3. Let x(g) = 10*g**2 + 11*g - 15. Let z(b) = d*y(b) - 2*x(b). Is z(-3) a composite number?
True
Let w(m) = 15*m**2 - m**3 - 7 - 2*m**2 + 50*m - 16*m. Is w(15) a prime number?
True
Let k = 145 + -74. Suppose 3*x = 3*v + 618, x - 4*v - k = 120. Is x a composite number?
False
Let g(m) = -19*m**3 + 1 + 2*m**2 - 3 + 9*m**3 + 4*m + 5. Is g(-2) a prime number?
True
Let c(h) be the second derivative of -h**4/12 - 7*h**3/2 - 13*h**2/2 - 3*h. Is c(-15) a composite number?
True
Let a(x) = -7*x + 9*x - x + 1 + 1 + 58*x**2. Is a(3) a prime number?
False
Let 